{"id":5,"date":"2019-01-31T14:00:25","date_gmt":"2019-01-31T13:00:25","guid":{"rendered":"http:\/\/neu.nsfh.de\/?page_id=5"},"modified":"2019-02-07T19:46:30","modified_gmt":"2019-02-07T18:46:30","slug":"datenschutzerklaerung","status":"publish","type":"page","link":"https:\/\/www.nsfh.de\/?page_id=5","title":{"rendered":"Datenschutz"},"content":{"rendered":"\t\t<div data-elementor-type=\"wp-post\" data-elementor-id=\"5\" class=\"elementor elementor-5 elementor-bc-flex-widget\">\n\t\t\t\t\t\t<section class=\"elementor-section elementor-top-section elementor-element elementor-element-64717323 elementor-section-boxed elementor-section-height-default elementor-section-height-default\" data-id=\"64717323\" data-element_type=\"section\" data-settings=\"{&quot;background_background&quot;:&quot;classic&quot;}\">\n\t\t\t\t\t\t<div class=\"elementor-container elementor-column-gap-default\">\n\t\t\t\t\t<div class=\"elementor-column elementor-col-100 elementor-top-column elementor-element elementor-element-7afdb682\" data-id=\"7afdb682\" data-element_type=\"column\">\n\t\t\t<div class=\"elementor-widget-wrap elementor-element-populated\">\n\t\t\t\t\t\t<div class=\"elementor-element elementor-element-1e6a1a7 elementor-widget elementor-widget-text-editor\" data-id=\"1e6a1a7\" data-element_type=\"widget\" data-widget_type=\"text-editor.default\">\n\t\t\t\t<div class=\"elementor-widget-container\">\n\t\t\t\t\t\t\t\t\t<p><strong>Ich sch\u00fctze Ihre Daten!<\/strong><\/p><p>Die f\u00fcr die Datenverarbeitung Verantwortliche im Sinne der Europ\u00e4ischen Datenschutz-Grundverordnung und anderer nationaler Datenschutzgesetze der Mitgliedsstaaten sowie sonstiger datenschutzrechtlicher Bestimmungen ist:<\/p><p>Sabine Haas<br \/><span style=\"font-size: 15px;\">S\u00fcdring 41<br \/><\/span><span style=\"font-size: 15px;\">48231 Warendorf<\/span><\/p><p>Telefon: 0 25 81 \u2013 9 89 89 24<br \/><span style=\"font-size: 15px;\">Telefax: 0 25 81 \u2013\u00a0<br \/><\/span><span style=\"font-size: 15px;\">E-Mail: info@nsfh.de<\/span><\/p><p>Als Betreiber dieser Seiten nehme ich den Schutz Ihrer pers\u00f6nlichen Daten sehr ernst. Personenbezogenen Daten werden vertraulich und entsprechend der gesetzlichen Datenschutzvorschriften sowie dieser Datenschutzerkl\u00e4rung behandelt.<\/p><p>Die Nutzung der Webseite erfolgt ohne Angabe personenbezogener Daten. Soweit mir \u00fcber meine Seiten telefonisch oder per E-Mail personenbezogene Daten (beispielsweise Name, Anschrift oder E-Mail-Adressen) mitgeteilt werden, erfolgt dies immer auf freiwilliger Basis. Sie stimmen mit der \u00dcbermittlung zu, dass diese Daten in einer Kontakt-Datenbank gespeichert werden. Ihre Angaben werden ohne Ihre ausdr\u00fcckliche Zustimmung nicht an Dritte weitergegeben und dienen nur der beiderseitigen Kommunikation.<\/p><p>Ich weise darauf hin, dass die Daten\u00fcbertragung im Internet (z.B. bei der Kommunikation per E-Mail) Sicherheitsl\u00fccken aufweisen kann. Ein l\u00fcckenloser Schutz der Daten vor dem Zugriff durch Dritte ist nicht m\u00f6glich.<\/p>\t\t\t\t\t\t\t\t<\/div>\n\t\t\t\t<\/div>\n\t\t\t\t\t<\/div>\n\t\t<\/div>\n\t\t\t\t\t<\/div>\n\t\t<\/section>\n\t\t\t\t<section class=\"elementor-section elementor-top-section elementor-element elementor-element-f37b740 elementor-section-boxed elementor-section-height-default elementor-section-height-default\" data-id=\"f37b740\" data-element_type=\"section\" data-settings=\"{&quot;background_background&quot;:&quot;classic&quot;}\">\n\t\t\t\t\t\t<div class=\"elementor-container elementor-column-gap-default\">\n\t\t\t\t\t<div class=\"elementor-column elementor-col-100 elementor-top-column elementor-element elementor-element-e7d810a\" data-id=\"e7d810a\" data-element_type=\"column\">\n\t\t\t<div class=\"elementor-widget-wrap elementor-element-populated\">\n\t\t\t\t\t\t<div class=\"elementor-element elementor-element-627cece elementor-widget elementor-widget-text-editor\" data-id=\"627cece\" data-element_type=\"widget\" data-widget_type=\"text-editor.default\">\n\t\t\t\t<div class=\"elementor-widget-container\">\n\t\t\t\t\t\t\t\t\t<p><span style=\"font-size: 15px;\"><strong>Server Log-Files<\/strong><br \/><\/span><span style=\"font-size: 15px;\">Der Provider der Seiten erhebt und speichert automatisch Informationen in so genannten Server-Log Files, die Ihr Browser automatisch \u00fcbermittelt. Dies sind nur allgemeine Infos zu:<br \/><\/span><span style=\"font-size: 15px;\">&#8211; Browsertyp und Browserversion<br \/><\/span><span style=\"font-size: 15px;\">&#8211; verwendetes Betriebssystem<br \/><\/span><span style=\"font-size: 15px;\">&#8211; Referrer URL<br \/><\/span><span style=\"font-size: 15px;\">&#8211; besuchte Seiten<br \/><\/span><span style=\"font-size: 15px;\">&#8211; Name des Telekommunikationsanbieter<br \/><\/span><span style=\"font-size: 15px;\">Diese Daten sind nicht individuell zuordenbar. Eine Zusammenf\u00fchrung dieser Daten mit anderen Datenquellen ist nicht m\u00f6glich. Ich behalten mir aber vor, diese Daten nachtr\u00e4glich durch den Provider pr\u00fcfen zu lassen, wenn konkrete Anhaltspunkte f\u00fcr eine rechtswidrige Nutzung bekannt werden.<\/span><\/p><p>\u00a0<\/p><p><strong>Cookies<br \/><\/strong><span style=\"font-size: 15px;\">Bei der Nutzung der Webseite werden Cookies auf Ihrem Rechner gespeichert. Bei Cookies handelt es sich um kleine Textdateien, die auf Ihrem Endger\u00e4t (Rechner, Laptop, Tablet, Smartphone o.\u00e4.) abgelegt werden und die Ihr Browser speichert. Cookies k\u00f6nnen keine Programme ausf\u00fchren oder Viren, Trojaner oder sonstige Schadsoftware auf Ihren Computer \u00fcbertragen.<br \/><\/span><span style=\"font-size: 15px;\">Der Einsatz von Cookies bedeutet nicht, dass ich dadurch unmittelbar Kenntnis von Ihrer Identit\u00e4t erhalte.<br \/><\/span><span style=\"font-size: 15px;\">Der Einsatz von Cookies dient einerseits dazu, die Nutzung unseres Angebots f\u00fcr Sie angenehmer zu gestalten. So setzt die Internetseite sogenannte Session-Cookies ein. Diese werden nach Verlassen der Seite automatisch gel\u00f6scht.<br \/><\/span><span style=\"font-size: 15px;\">Dar\u00fcber hinaus setze ich ebenfalls zur Optimierung der Benutzerfreundlichkeit tempor\u00e4re Cookies ein, die f\u00fcr einen bestimmten festgelegten Zeitraum auf Ihrem Endger\u00e4t gespeichert werden. Besuchen Sie meine Seite erneut, um sich weiter zu informieren, wird automatisch erkannt, dass Sie bereits bei mir waren und welche Eingaben und Einstellungen Sie get\u00e4tigt haben, um diese nicht noch einmal eingeben zu m\u00fcssen.<br \/><\/span><span style=\"font-size: 15px;\">Sie haben als Nutzer die volle Kontrolle \u00fcber die Verwendung von Cookies. Sie k\u00f6nnen Ihren Browser so einstellen, dass Sie \u00fcber das Setzen von Cookies informiert werden und Cookies nur im Einzelfall erlauben, die Annahme von Cookies f\u00fcr bestimmte F\u00e4lle oder generell ausschlie\u00dfen sowie das automatische L\u00f6schen der Cookies beim Schlie\u00dfen des Browser aktivieren. Bereits gespeicherte Cookies k\u00f6nnen jederzeit gel\u00f6scht werden.<br \/><\/span><span style=\"font-size: 15px;\">Bei der Deaktivierung von Cookies kann die Funktionalit\u00e4t dieser Website eingeschr\u00e4nkt sein.<br \/><\/span><span style=\"font-size: 15px;\">Rechtsgrundlage f\u00fcr diese Datenverarbeitung ist Art. 6 Abs. 1 lit. f) DSGVO in Verbindung mit \u00a7 15 TMG. Unser \u201eInteresse\u201c i.S.d. Art. 6 Abs. 1 lit. f) ist der Betrieb dieser Internetseiten.<\/span><\/p><p>\u00a0<\/p><p><span style=\"font-size: 15px;\"><strong>Kontaktformular<\/strong><br \/><\/span><span style=\"font-size: 15px;\">Ein Kontaktformular steht nicht zur Verf\u00fcgung. Verwenden Sie f\u00fcr schriftliche Nachrichten bitte die E-Mail-Adresse, die Sie unter <b>Kontakt\u00a0 <\/b>finden.<\/span><\/p><p>\u00a0<\/p><p><span style=\"font-size: 15px;\"><strong>Analysedienste f\u00fcr Webseiten<\/strong><br \/><\/span><span style=\"font-size: 15px;\">Diese Webseite nutzt keine speziellen Analysedienste f\u00fcr Webseiten. Ihr Surfverhalten bleibt anonym.<\/span><\/p><p>\u00a0<\/p><p><span style=\"font-size: 15px;\"><strong>Datenschutzerkl\u00e4rung f\u00fcr die Nutzung von Facebook-Plugins (Like-Button)<\/strong><br \/><\/span><span style=\"font-size: 15px;\">Auf meiner Seite sind Plugins des sozialen Netzwerks Facebook, Anbieter Facebook Inc., 1 Hacker Way, Menlo Park, California 94025, USA, integriert. Die Facebook-Plugins erkennen Sie an dem Facebook-Logo oder dem \u201eLike-Button\u201c (\u201eGef\u00e4llt mir\u201c) auf meiner Seite. Eine \u00dcbersicht \u00fcber die Facebook-Plugins finden Sie\u00a0<\/span><a href=\"http:\/\/developers.facebook.com\/docs\/plugins\/\" target=\"_blank\" rel=\"noopener\">hier<\/a><span style=\"font-size: 15px;\">.<br \/><\/span><span style=\"font-size: 15px;\">Wenn Sie meine Seiten besuchen, wird \u00fcber das Plugin eine direkte Verbindung zwischen Ihrem Browser und dem Facebook-Server hergestellt. Facebook erh\u00e4lt dadurch die Information, dass Sie mit Ihrer IP-Adresse meine Seite besucht haben. Wenn Sie den Facebook \u201eLike-Button\u201c anklicken w\u00e4hrend Sie in Ihrem Facebook-Account eingeloggt sind, k\u00f6nnen Sie die Inhalte meiner Seiten auf Ihrem Facebook-Profil verlinken. Dadurch kann Facebook den Besuch der Seiten Ihrem Benutzerkonto zuordnen. Ich weise darauf hin, dass ich als Anbieter der Seiten keine Kenntnis vom Inhalt der \u00fcbermittelten Daten sowie deren Nutzung durch Facebook erhalten. Weitere Informationen hierzu finden Sie\u00a0<\/span><a href=\"http:\/\/de-de.facebook.com\/policy.php\" target=\"_blank\" rel=\"noopener\">hier\u00a0<\/a><span style=\"font-size: 15px;\">in der Datenschutzerkl\u00e4rung von Facebook.\u00a0<br \/><\/span><span style=\"font-size: 15px;\">Wenn Sie nicht w\u00fcnschen, dass Facebook den Besuch meiner Seiten Ihrem Facebook-Nutzerkonto zuordnen kann, loggen Sie sich bitte aus Ihrem Facebook-Benutzerkonto aus.<\/span><\/p><p>\u00a0<\/p><p><strong>SSL-Verschl\u00fcsselung<\/strong><br \/><span style=\"font-size: 15px;\">Diese Seite nutzt aus Gr\u00fcnden der Sicherheit und zum Schutz der \u00dcbertragung vertraulicher Inhalte, wie zum Beispiel der Anfragen, die Sie an uns als Seitenbetreiber senden, eine SSL-Verschl\u00fcsselung. Eine verschl\u00fcsselte Verbindung erkennen Sie daran, dass die Adresszeile des Browsers von \u201ehttp:\/\/\u201c auf \u201ehttps:\/\/\u201c wechselt und an dem Schloss-Symbol in Ihrer Browserzeile. Bei aktivierter SSL Verschl\u00fcsselung k\u00f6nnen die Daten, die Sie an uns \u00fcbermitteln, nicht von Dritten mitgelesen werden.<\/span><\/p><p>\u00a0<\/p><p><strong>Betroffenenrechte<\/strong><br \/><span style=\"font-size: 15px;\">Sie haben folgende Rechte:<br \/><\/span><\/p><ul><li>Auskunftsrecht \u00fcber die zu Ihrer Person gespeicherten Daten und deren Verarbeitung nach Ma\u00dfgabe des Art. 15 Datenschutzgrundverordnung (DSGVO)<\/li><li>Recht auf Datenberichtigung, sofern Ihre Daten unrichtig oder unvollst\u00e4ndig sein sollten, nach Ma\u00dfgabe des Art. 16 DSGVO.<\/li><li>Recht auf L\u00f6schung der zu Ihrer Person gespeicherten Daten, sofern eine der Voraussetzungen von Art. 17 DSGVO zutrifft. Das Recht zur L\u00f6schung besteht erg\u00e4nzend zu den in Art. 17 Abs. 3 DSGVO genannten Ausnahmen nicht, wenn eine L\u00f6schung wegen der besonderen Art der Speicherung nicht oder nur mit unverh\u00e4ltnism\u00e4\u00dfig hohem Aufwand m\u00f6glich ist. In diesen F\u00e4llen tritt an die Stelle der L\u00f6schung die Einschr\u00e4nkung der Verarbeitung gem. Art. 18 DSGVO<\/li><li>Recht auf Einschr\u00e4nkung der Datenverarbeitung nach Ma\u00dfgabe des Art. 18 DSGVO.<\/li><li>Recht gem\u00e4\u00df Artikel 20 DSGVO, Ihre personenbezogenen Daten, die Sie mir bereitgestellt haben, in einem strukturierten, g\u00e4ngigen und maschinenlesbaren Format zu erhalten oder die \u00dcbermittlung an einen anderen Verantwortlichen zu verlangen.<\/li><li>Widerspruchsrecht gegen bestimmte Datenverarbeitungen nach Ma\u00dfgabe des Art. 21 DSGVO<\/li><li>Ferner haben Sie die M\u00f6glichkeit, sich \u00fcber uns bei der f\u00fcr mich zust\u00e4ndigen Aufsichtsbeh\u00f6rde zu beschweren. H\u00f6flich weise ich darauf hin, dass diese Rechte ggf. an Voraussetzungen gekn\u00fcpft sind, auf deren Vorliegen wir bestehen werden.<\/li><\/ul><p><span style=\"font-size: 15px;\">Meine Kontaktdatenbank umfasst nur die Daten, die zur Kommunikation und Zusammenarbeit mit Klienten, Beh\u00f6rden, Einrichtungen und Institutionen erforderlich sind.<br \/><\/span><span style=\"font-size: 15px;\">Hierzu sowie zu weiteren Fragen zum Thema personenbezogene Daten k\u00f6nnen Sie sich jederzeit unter der unter <b>Kontakt <\/b>angegebenen Adresse, Telefonnummer oder E-Mail an mich wenden.<\/span><\/p><p>\u00a0<\/p><p><strong>Aktualit\u00e4t und \u00c4nderung<\/strong><br \/><span style=\"font-size: 15px;\">Diese Datenschutzerkl\u00e4rung ist aktuell g\u00fcltig und hat den Stand Februar 2019.<br \/><\/span><span style=\"font-size: 15px;\">Durch die Weiterentwicklung meiner Webseite und Angebote dar\u00fcber oder aufgrund ge\u00e4nderter gesetzlicher beziehungsweise beh\u00f6rdlicher Vorgaben kann es notwendig werden, diese Datenschutzerkl\u00e4rung zu \u00e4ndern. Die jeweils aktuelle Datenschutzerkl\u00e4rung kann jederzeit auf der Webseite unter dem auf der Startseite sichtbaren Men\u00fcpunkt \u201eDatenschutz\u201c von Ihnen abgerufen und ausgedruckt werden.<\/span><\/p>\t\t\t\t\t\t\t\t<\/div>\n\t\t\t\t<\/div>\n\t\t\t\t\t<\/div>\n\t\t<\/div>\n\t\t\t\t\t<\/div>\n\t\t<\/section>\n\t\t\t\t<section class=\"elementor-section elementor-top-section elementor-element elementor-element-d437b4b elementor-section-boxed elementor-section-height-default elementor-section-height-default\" data-id=\"d437b4b\" data-element_type=\"section\" data-settings=\"{&quot;background_background&quot;:&quot;classic&quot;}\">\n\t\t\t\t\t\t<div class=\"elementor-container elementor-column-gap-default\">\n\t\t\t\t\t<div class=\"elementor-column elementor-col-100 elementor-top-column elementor-element elementor-element-6046175\" data-id=\"6046175\" data-element_type=\"column\">\n\t\t\t<div class=\"elementor-widget-wrap elementor-element-populated\">\n\t\t\t\t\t\t<div class=\"elementor-element elementor-element-2a18b13 elementor-widget elementor-widget-text-editor\" data-id=\"2a18b13\" data-element_type=\"widget\" data-widget_type=\"text-editor.default\">\n\t\t\t\t<div class=\"elementor-widget-container\">\n\t\t\t\t\t\t\t\t\t<p>Quelle: https:\/\/e-recht24.de<\/p>\t\t\t\t\t\t\t\t<\/div>\n\t\t\t\t<\/div>\n\t\t\t\t\t<\/div>\n\t\t<\/div>\n\t\t\t\t\t<\/div>\n\t\t<\/section>\n\t\t\t\t<\/div>\n\t\t","protected":false},"excerpt":{"rendered":"<p>Ich sch\u00fctze Ihre Daten! Die f\u00fcr die Datenverarbeitung Verantwortliche im Sinne der Europ\u00e4ischen Datenschutz-Grundverordnung und anderer nationaler Datenschutzgesetze der Mitgliedsstaaten sowie sonstiger datenschutzrechtlicher Bestimmungen ist: Sabine HaasS\u00fcdring 4148231 Warendorf Telefon: 0 25 81 \u2013 9 89 89 24Telefax: 0 25 81 \u2013\u00a0E-Mail: info@nsfh.de Als Betreiber dieser Seiten nehme ich den Schutz Ihrer pers\u00f6nlichen Daten sehr [&hellip;]<\/p>\n","protected":false},"author":1,"featured_media":0,"parent":0,"menu_order":0,"comment_status":"closed","ping_status":"closed","template":"","meta":{"ocean_post_layout":"","ocean_both_sidebars_style":"","ocean_both_sidebars_content_width":0,"ocean_both_sidebars_sidebars_width":0,"ocean_sidebar":"0","ocean_second_sidebar":"0","ocean_disable_margins":"enable","ocean_add_body_class":"","ocean_shortcode_before_top_bar":"","ocean_shortcode_after_top_bar":"","ocean_shortcode_before_header":"","ocean_shortcode_after_header":"","ocean_has_shortcode":"","ocean_shortcode_after_title":"","ocean_shortcode_before_footer_widgets":"","ocean_shortcode_after_footer_widgets":"","ocean_shortcode_before_footer_bottom":"","ocean_shortcode_after_footer_bottom":"","ocean_display_top_bar":"default","ocean_display_header":"default","ocean_header_style":"","ocean_center_header_left_menu":"0","ocean_custom_header_template":"0","ocean_custom_logo":0,"ocean_custom_retina_logo":0,"ocean_custom_logo_max_width":0,"ocean_custom_logo_tablet_max_width":0,"ocean_custom_logo_mobile_max_width":0,"ocean_custom_logo_max_height":0,"ocean_custom_logo_tablet_max_height":0,"ocean_custom_logo_mobile_max_height":0,"ocean_header_custom_menu":"0","ocean_menu_typo_font_family":"0","ocean_menu_typo_font_subset":"","ocean_menu_typo_font_size":0,"ocean_menu_typo_font_size_tablet":0,"ocean_menu_typo_font_size_mobile":0,"ocean_menu_typo_font_size_unit":"px","ocean_menu_typo_font_weight":"","ocean_menu_typo_font_weight_tablet":"","ocean_menu_typo_font_weight_mobile":"","ocean_menu_typo_transform":"","ocean_menu_typo_transform_tablet":"","ocean_menu_typo_transform_mobile":"","ocean_menu_typo_line_height":0,"ocean_menu_typo_line_height_tablet":0,"ocean_menu_typo_line_height_mobile":0,"ocean_menu_typo_line_height_unit":"","ocean_menu_typo_spacing":0,"ocean_menu_typo_spacing_tablet":0,"ocean_menu_typo_spacing_mobile":0,"ocean_menu_typo_spacing_unit":"","ocean_menu_link_color":"","ocean_menu_link_color_hover":"","ocean_menu_link_color_active":"","ocean_menu_link_background":"","ocean_menu_link_hover_background":"","ocean_menu_link_active_background":"","ocean_menu_social_links_bg":"","ocean_menu_social_hover_links_bg":"","ocean_menu_social_links_color":"","ocean_menu_social_hover_links_color":"","ocean_disable_title":"default","ocean_disable_heading":"default","ocean_post_title":"","ocean_post_subheading":"","ocean_post_title_style":"","ocean_post_title_background_color":"","ocean_post_title_background":0,"ocean_post_title_bg_image_position":"","ocean_post_title_bg_image_attachment":"","ocean_post_title_bg_image_repeat":"","ocean_post_title_bg_image_size":"","ocean_post_title_height":0,"ocean_post_title_bg_overlay":0.5,"ocean_post_title_bg_overlay_color":"","ocean_disable_breadcrumbs":"default","ocean_breadcrumbs_color":"","ocean_breadcrumbs_separator_color":"","ocean_breadcrumbs_links_color":"","ocean_breadcrumbs_links_hover_color":"","ocean_display_footer_widgets":"default","ocean_display_footer_bottom":"default","ocean_custom_footer_template":"0","footnotes":""},"_links":{"self":[{"href":"https:\/\/www.nsfh.de\/index.php?rest_route=\/wp\/v2\/pages\/5"}],"collection":[{"href":"https:\/\/www.nsfh.de\/index.php?rest_route=\/wp\/v2\/pages"}],"about":[{"href":"https:\/\/www.nsfh.de\/index.php?rest_route=\/wp\/v2\/types\/page"}],"author":[{"embeddable":true,"href":"https:\/\/www.nsfh.de\/index.php?rest_route=\/wp\/v2\/users\/1"}],"replies":[{"embeddable":true,"href":"https:\/\/www.nsfh.de\/index.php?rest_route=%2Fwp%2Fv2%2Fcomments&post=5"}],"version-history":[{"count":10,"href":"https:\/\/www.nsfh.de\/index.php?rest_route=\/wp\/v2\/pages\/5\/revisions"}],"predecessor-version":[{"id":1011,"href":"https:\/\/www.nsfh.de\/index.php?rest_route=\/wp\/v2\/pages\/5\/revisions\/1011"}],"wp:attachment":[{"href":"https:\/\/www.nsfh.de\/index.php?rest_route=%2Fwp%2Fv2%2Fmedia&parent=5"}],"curies":[{"name":"wp","href":"https:\/\/api.w.org\/{rel}","templated":true}]}}